{"id":553,"date":"2025-04-11T20:14:48","date_gmt":"2025-04-11T23:14:48","guid":{"rendered":"https:\/\/eltaller.info\/?post_type=product&#038;p=553"},"modified":"2025-04-11T20:22:24","modified_gmt":"2025-04-11T23:22:24","slug":"exodo","status":"publish","type":"product","link":"https:\/\/eltaller.info\/?product=exodo","title":{"rendered":"\u00c9xodo"},"content":{"rendered":"<p><strong><a href=\"https:\/\/www.instagram.com\/normaperel.art\">Norma Perel<\/a><\/strong>. Argentina. M\u00e9dica Psiquiatra por vocaci\u00f3n y Artista Visual por pasi\u00f3n . Expone en forma ininterrumpida sus obras de Dibujo y Pintura figurativa al comienzo y luego Abstracta desde el a\u00f1o 2000 en numerosos salones y museos prestigiosos de Argentina , Espa\u00f1a, Montreal , Nueva York , Miami , Londres y Punta del Este (Uruguay ) Recibi\u00f3 premios importantes de jurados de Salones y Concursos Nacionales e internacionales y sus obras figuran en publicaciones de Arte Argentino con cr\u00edticas de prestigiosos maestros y en colecciones\u00a0privadas\u00a0.<\/p>\n","protected":false},"excerpt":{"rendered":"<p>Norma Perel. Argentina. M\u00e9dica Psiquiatra por vocaci\u00f3n y Artista Visual por pasi\u00f3n . Expone en forma ininterrumpida sus obras de Dibujo y Pintura figurativa al comienzo y luego Abstracta desde el a\u00f1o 2000 en numerosos salones y museos prestigiosos de Argentina , Espa\u00f1a, Montreal , Nueva York , Miami , Londres y Punta del Este [&hellip;]<\/p>\n","protected":false},"featured_media":554,"comment_status":"open","ping_status":"closed","template":"","meta":[],"product_brand":[],"product_cat":[23],"product_tag":[],"class_list":{"0":"post-553","1":"product","2":"type-product","3":"status-publish","4":"has-post-thumbnail","6":"product_cat-arte","8":"first","9":"instock","10":"featured","11":"taxable","12":"shipping-taxable","13":"product-type-simple"},"_links":{"self":[{"href":"https:\/\/eltaller.info\/index.php?rest_route=\/wp\/v2\/product\/553","targetHints":{"allow":["GET"]}}],"collection":[{"href":"https:\/\/eltaller.info\/index.php?rest_route=\/wp\/v2\/product"}],"about":[{"href":"https:\/\/eltaller.info\/index.php?rest_route=\/wp\/v2\/types\/product"}],"replies":[{"embeddable":true,"href":"https:\/\/eltaller.info\/index.php?rest_route=%2Fwp%2Fv2%2Fcomments&post=553"}],"wp:featuredmedia":[{"embeddable":true,"href":"https:\/\/eltaller.info\/index.php?rest_route=\/wp\/v2\/media\/554"}],"wp:attachment":[{"href":"https:\/\/eltaller.info\/index.php?rest_route=%2Fwp%2Fv2%2Fmedia&parent=553"}],"wp:term":[{"taxonomy":"product_brand","embeddable":true,"href":"https:\/\/eltaller.info\/index.php?rest_route=%2Fwp%2Fv2%2Fproduct_brand&post=553"},{"taxonomy":"product_cat","embeddable":true,"href":"https:\/\/eltaller.info\/index.php?rest_route=%2Fwp%2Fv2%2Fproduct_cat&post=553"},{"taxonomy":"product_tag","embeddable":true,"href":"https:\/\/eltaller.info\/index.php?rest_route=%2Fwp%2Fv2%2Fproduct_tag&post=553"}],"curies":[{"name":"wp","href":"https:\/\/api.w.org\/{rel}","templated":true}]}}